 Let m(h) = h**3 + 11*h**2 + 6*h - 4. Calculate m(a).
36
Let n(r) = -3*r**2 + 4*r - 2. Let v be 1 + (-185)/1295 + 4*(-2)/(-7). What is n(v)?
-6
Let k be 4 + (1 + -1 - -2). Suppose -12 = -w + 3*y, 3*w - 18 = -3*y - k. Let c(a) = 7*a - 768. Let b(o) = -8*o + 865. Let z(r) = -8*b(r) - 9*c(r). What is z(w)?
-2
Let p(m) = 3*m + 2. Let g(u) = 10 + 6 - 16 + 0 + 2*u. Let a(d) = -4*g(d) + 3*p(d). Let j be -5 - (2 - (0 - 0)). Determine a(j).
-1
Let y(j) = -3*j**2 - 18*j - 5. Let p = -103 - -206. Let t be -107 + p + (-2)/1. Give y(t).
-5
Let q be (-24)/42 + (-155)/35. Let b(j) = -30*j - 165. Give b(q).
-15
Let o(d) = 19*d**3 - 20*d - 13*d - 30 - 18*d**3 - 11*d - 28*d**2 + 16*d. What is o(29)?
-1
Let t(o) = o**2 - 4*o - 6. Let n be t(0). Let d(h) = -h**3 - 5*h**2 + 17*h + 65. Let v be d(n). Let i(x) = 5*x**3 - 3*x**2 - x + 1. What is i(v)?
-6
Let z(w) = -17*w - 6. Let j(t) = -404*t - 140. Let q(c) = -j(c) + 24*z(c). Suppose 2*f - 8 = -2. Give q(f).
-16
Let m(z) = 10*z + 220 - 2*z + 156 - 363 + 5*z. Give m(4).
65
Let f be 38/10 + 4/20. Let j(r) = f + 80*r**2 - 79*r**2 - 4*r + 5*r. Calculate j(0).
4
Suppose 53 = 10*x - 27. Suppose -246 = -x*n - 182. Let d(m) = m**2 - 12 - 2*m**2 + 9*m + 0*m**2. Calculate d(n).
-4
Let x(f) = 3*f**2 + 13*f - 2. Let h(q) = -17*q + 97 - 29 + 13*q. Let i be h(18). What is x(i)?
-6
Let w(a) be the second derivative of -1/2*a**3 - a**2 + 0 - 1/12*a**4 + 3*a. Suppose -2*y - 2 = 0, 0 = 5*h - 5*y + 9 + 1. Determine w(h).
-2
Let p(r) be the first derivative of 10/3*r**3 + 5/2*r**2 - 16 - 3*r. Let i(f) = -11*f**2 - 4*f + 2. Let l(h) = -4*i(h) - 3*p(h). Determine l(-1).
14
Let a(x) = x**2 + 24*x + 120. Let y(s) = -4*s**2 + 78*s - 287. Let h be y(15). Give a(h).
1
Suppose 0 = 5*f - 3*f + 8. Let x = 0 + f. Let v(q) = -43*q + 83*q - 39*q + 9. Determine v(x).
5
Let n(r) = r**3 - 8*r**2 + 4*r - 25. Let k be n(8). Let h(y) = 9*y**2 + 4*y - 14. Let f(t) = 16*t**2 + 7*t - 28. Let v(q) = k*h(q) - 4*f(q). Give v(0).
14
Let r be 13/(-39) - (-1 - (-225)/(-27)). Let u(n) = n**2 - 9*n - 19. Determine u(r).
-19
Let b(a) = a**3 + a - 17. Let w(s) = 13*s + 44. Let i be w(37). Let y = -525 + i. Determine b(y).
-17
Let t(j) be the second derivative of 11*j**3/2 - 6*j**2 + 52*j - 23. Give t(1).
21
Let m = 482 + -379. Let i(z) = m*z + 5 + 90*z + z**2 - 198*z. What is i(3)?
-1
Suppose 0 = 6*i - 3 + 3. Suppose i = 5*t + t + 216. Let g = 39 + t. Let j(a) = -a**2 + 2. Give j(g).
-7
Let f(r) = 83 + 7*r - 234 + 77 + 75. Suppose -5*q - 21 = 4*j, -2 = j + 2. Give f(q).
-6
Let j(x) = x + 1373. Let l(s) = -3*s - 2727. Let i(t) = -2*j(t) - l(t). Let d(c) = c**2 - 3*c + 2. Let w be d(2). What is i(w)?
-19
Suppose 0 = -4*z + 36 + 12. Let a be (-144)/(-40) + (z/(-10))/(-3). Suppose 4*n + 6*g = 2*g + 36, -a*n + 2*g = -12. Let u(h) = -h**2 + 2*h + 5. What is u(n)?
-10
Let o = -1602 + 1612. Let z(r) = 2*r**3 - 12*r**2 + 12*r + 7. Let l(n) = -n**3 + n**2 - n - 1. Let m(b) = l(b) + z(b). What is m(o)?
16
Suppose d = 5*d + 12. Let a(r) be the first derivative of r**6/120 + r**5/20 + 2*r**3/3 - 6*r**2 - 17. Let x(y) be the second derivative of a(y). Give x(d).
4
Let s(r) = r + 1. Suppose 2*o - 46 = 3*m, -5*m = 5 + 5. Let h = -24 + o. Let d be s(h). Let y(f) = f. What is y(d)?
-3
Let w(r) = r**2 - 4*r - 1. Let h(u) = -u**2 - 2*u + 2. Let d(k) = -3*h(k) + w(k). Let s(q) be the first derivative of d(q). Give s(-1).
-6
Let o(k) = -k**2 - 4 + k - 7*k**2 + 7*k**2 + 2*k**2. Suppose -54 + 24 = 10*v. Give o(v).
2
Let f(s) = 2*s**2 + 29*s - 46. Let k(r) = r**2 + 15*r - 22. Let u(y) = 6*f(y) - 11*k(y). Determine u(-12).
2
Let r(b) = 2*b**2 - 22*b - 9. Let y be 20/96*-4 + 568/48. Give r(y).
-9
Let r(u) be the third derivative of u**4/12 + u**3/2 - u**2 - 20*u + 17. Let v = -15 - -9. Calculate r(v).
-9
Let z(b) = b**3 + 34*b**2 - 35*b + 2. Let t(c) = -36*c**2 + 4*c - 3. Let g be t(1). Let j be z(g). Let k(l) = -l**3 + 3*l**2 - 6*l + 3. Calculate k(j).
-5
Suppose 0 = -5*k - 6*k + 22. Suppose -5*n + 19 = -16. Let o(g) = n*g**2 - 3*g**2 - g**3 - 6*g**2 + g**2 + 4*g - 3. What is o(k)?
-7
Let n(x) = x + 14. Suppose -5*w + 4*w = 2. Let d be 0/w + (-55)/11 + 0. Give n(d).
9
Suppose -131 = -36*z - 23. Let v = -18 - -21. Let s(m) = m**2 + v*m - 5*m + m - 1. What is s(z)?
5
Let g(i) be the second derivative of 13*i**3/2 - 81*i**2 - i - 22. Give g(4).
-6
Let y(d) be the second derivative of -13*d**3/6 - 253*d**2/2 + 801*d + 1. Give y(-20).
7
Let w(o) = -o**2 + 4. Let m(a) = -10*a**2 - 20*a + 3. Let g(l) = 11*l**2 + 20*l - 4. Let h(y) = -4*g(y) - 5*m(y). Let s be h(-3). What is w(s)?
-21
Let j(q) = 4*q**3 + 2*q**2 - 1. Let h be j(1). Let a be (-1 + (-1 - -4)/3)*1. Let z(x) = 0 + 4*x - 5*x + 8 + a*x. Calculate z(h).
3
Suppose -54*a - 168 = -26*a. Let i(v) = -3*v + 9*v + 8*v**2 + 2*v + v**3 + 4. Determine i(a).
28
Let n = 221 + -219. Let a(h) be the second derivative of -1/3*h**3 + 0 - 14*h + h**n. Determine a(2).
-2
Let c(q) = -28*q**2 - q - 4. Let b be 9 - (-4 - (-7)/(42/90)). Give c(b).
-114
Let p(t) = -2*t + 7. Suppose 0 = 4*g - 13*g + 252. Let c be 1/(-4) - (-427)/g. Suppose -c = 4*v - 7*v. Calculate p(v).
-3
Let b(s) = 166*s - 5. Let n(p) = 221*p - 6. Let v(y) = 4*b(y) - 3*n(y). Let r be (16 - 19) + 1/1. Calculate v(r).
-4
Suppose -23*a + 29*a = 240. Suppose 9 = -b - a*m + 35*m, -40 = 2*b - m. Let t(u) = -u - 17. Give t(b).
2
Let b = -477 - -464. Let h be (-6)/(-18)*(-9)/3 - b. Let q(s) = s**3 - 11*s**2 - 11*s - 5. Give q(h).
7
Suppose 16 = 4*f + 80*n - 82*n, 3*f + 9 = -2*n. Let x(z) = -2*z**2 + 7*z - 6. Calculate x(f).
-1
Suppose 4*m - 43 + 54 = 5*s, -5*m - 25 = 5*s. Let c(h) = 10*h + 26. What is c(m)?
-14
Suppose 2*s - 22 = 4*y, -4*s + 44 = -0*y - 2*y. Let d be 2/(-1) + 7 + -10. Let h = s + d. Let g(c) = c**3 - 7*c**2 + 4*c - 2. Determine g(h).
-14
Suppose -2*w + 60 = 62. Let v(t) = -3*t + 4. Let g(s) = -2*s - 1. Let o(f) = -3*g(f) - v(f). Give o(w).
-10
Let d(p) be the third derivative of 5*p**4/6 - 2*p**3/3 - 194*p**2. Calculate d(3).
56
Let f(r) = -r**2 + r + 29. Let m be f(-11). Let g = m - -118. Suppose -5*a + 0*j - 14 = -2*j, -3*a - g = j. Let o(x) = 2*x**2 + 5*x + 6. Determine o(a).
18
Let l(r) be the first derivative of r**4/12 + 2*r**3/3 - 4*r**2 - 97*r - 12. Let q(w) be the first derivative of l(w). Calculate q(-5).
-3
Let x(t) = -t**3 - t**2 + t + 23. Let c = -323 + 323. Let r be 1/(-4)*1/7*c. What is x(r)?
23
Suppose -6*o = -14*o + 72. Let d(z) = 91*z**2 + 10 - 92*z**2 + 0*z**2 + 7*z. Calculate d(o).
-8
Let l(t) be the second derivative of -t**3/6 + 2*t. Suppose -34*p + 47*p - 65 = 0. Suppose -p*i - 25 = 0, i = 5*j - 2*i - 15. Determine l(j).
0
Let z(i) = -i**2 - 13*i + 3. Let v be 2/(-5) - ((-32)/(-20) + -2). Let k be 2/(0 + (v - (-6)/(-39))). Give z(k).
3
Let r(g) be the third derivative of g**5/60 + g**4/12 - 13*g**3/6 + g**2. Let o = 356105 - 356111. Determine r(o).
11
Let h(j) be the third derivative of -j**6/120 - j**4/24 - j**3/3 - 3*j**2. Let x(y) = y**2 + 2*y + 3. Let o be x(-2). Suppose 10*c + 14 = o*c. Calculate h(c).
8
Suppose 1088*i + 8 - 104 = 1104*i. Let m(u) = -u**3 - 7*u**2 - 9*u - 2. Determine m(i).
16
Suppose 10*j - 30 = 8*j. Suppose 4*w - j + 7 = 0. Suppose -w*v + 26 = 4*p - 0*p, -4*v = 3*p - 32. Let u(a) = -a**3 + 4*a**2 + 2*a + 3. What is u(p)?
11
Let s(n) = -n**3 + 10*n**2 + 13. Suppose -2*j = 2*j - 20, 0 = 5*h + 4*j - 70. Determine s(h).
13
Let j(m) be the third derivative of -m**6/24 - m**4/24 + m**3/6 - 524*m**2. Suppose 47*y = 48*y - 1. Calculate j(y).
-5
Let p(a) = -a**2 + 6*a + 4. Suppose 20 + 108 = -3*o + 5*j, -2*o = -2*j + 80. Let s = -30 - o. What is p(s)?
4
Let u(g) be the third derivative of 5*g**4/6 + g**3/6 - 86*g**2. Let l(c) = -7*c. Let x(b) = 11*l(b) + 4*u(b). Give x(-2).
-2
Suppose -4*a + 14 = -f, -11*f - 5*a = -7*f + 14. Let i(x) = 2*x**2 + 11*x + 4. Give i(f).
10
Let l(u) = -3*u**3 - 3*u**2 + 3*u + 15. Let t = 38 + -27. Let b(c) = -8*c**3 - 10*c**2 + 10*c + 43. Let s(x) = t*l(x) - 4*b(x). Let j = -10 + 16. What is s(j)?
-13
Let u(x) be the first derivative of -x**5/60 - 5*x**4/24 + 5*x**3/6 + 28*x**2 - 1. Let j(g) be the second derivative of u(g). Give j(-7).
-9
Let v(u) = -12 + u**3 - 2*u - 2*u - 40*u**2 + 19*u + 13*u**2 - 41*u. Give v(28).
44
Let u = 1145695 - 1145690. Let w be 3*(2 + -4 + 3). Let d(g) = 2 + w - 3 + g. Calculate d(u).
7